{"id":1663,"date":"2025-04-16T16:34:04","date_gmt":"2025-04-16T14:34:04","guid":{"rendered":"https:\/\/produits.ssplus.fr\/?page_id=1663"},"modified":"2025-04-29T10:44:22","modified_gmt":"2025-04-29T08:44:22","slug":"mentions-legales","status":"publish","type":"page","link":"https:\/\/produits.ssplus.fr\/index.php\/mentions-legales\/","title":{"rendered":"Mentions l\u00e9gales"},"content":{"rendered":"\t\t<div data-elementor-type=\"wp-page\" data-elementor-id=\"1663\" class=\"elementor elementor-1663\">\n\t\t\t\t<div class=\"elementor-element elementor-element-c708016 e-flex e-con-boxed e-con e-parent\" data-id=\"c708016\" data-element_type=\"container\">\n\t\t\t\t\t<div class=\"e-con-inner\">\n\t\t\t\t<div class=\"elementor-element elementor-element-3b31c9d elementor-widget elementor-widget-text-editor\" data-id=\"3b31c9d\" data-element_type=\"widget\" data-widget_type=\"text-editor.default\">\n\t\t\t\t<div class=\"elementor-widget-container\">\n\t\t\t\t\t\t\t\t\t<h4 data-start=\"158\" data-end=\"516\"><strong data-start=\"158\" data-end=\"177\">\u00c9diteur du site<\/strong><\/h4><p data-start=\"158\" data-end=\"516\">SSPLUS \u2013 Vente de mat\u00e9riel de s\u00e9curit\u00e9 Ajax (alarmes, cam\u00e9ras, syst\u00e8mes anti-incendie)<\/p><ul data-start=\"435\" data-end=\"573\"><li class=\"\" data-start=\"435\" data-end=\"477\"><p class=\"\" data-start=\"437\" data-end=\"477\"><strong data-start=\"437\" data-end=\"458\">Responsable l\u00e9gal<\/strong> : LAMBERT Julien<\/p><\/li><li class=\"\" data-start=\"478\" data-end=\"509\"><p class=\"\" data-start=\"480\" data-end=\"509\"><strong data-start=\"480\" data-end=\"491\">Adresse<\/strong> : 36 rue Monseigneur de Langavant 97490 ST DENIS<\/p><\/li><li class=\"\" data-start=\"510\" data-end=\"539\"><p class=\"\" data-start=\"512\" data-end=\"539\"><strong data-start=\"512\" data-end=\"521\">Email<\/strong> : ssplus.fr@gmail.com<\/p><\/li><li class=\"\" data-start=\"540\" data-end=\"573\"><p class=\"\" data-start=\"542\" data-end=\"573\"><strong data-start=\"542\" data-end=\"555\">T\u00e9l\u00e9phone<\/strong> : 06 03 22 70 70<\/p><\/li><\/ul><p data-start=\"158\" data-end=\"516\"><br data-start=\"468\" data-end=\"471\" data-is-only-node=\"\" \/><strong>Site : <a class=\"\" href=\"https:\/\/ssplus.fr\" target=\"_new\" rel=\"noopener\" data-start=\"478\" data-end=\"516\">https:\/\/ssplus.fr<\/a><\/strong><\/p><h4 data-start=\"518\" data-end=\"699\"><strong data-start=\"518\" data-end=\"541\">H\u00e9bergement du site<\/strong><\/h4><p data-start=\"518\" data-end=\"699\">OVH SAS<br data-start=\"551\" data-end=\"554\" \/>2 rue Kellermann \u2013 59100 Roubaix \u2013 France<br data-start=\"595\" data-end=\"598\" \/>T\u00e9l\u00e9phone : 1007 (depuis la France)<br data-start=\"633\" data-end=\"636\" \/>Site Web : <a class=\"\" href=\"https:\/\/www.ovhcloud.com\" target=\"_new\" rel=\"noopener\" data-start=\"647\" data-end=\"699\">https:\/\/www.ovhcloud.com<\/a><\/p><h4 data-start=\"701\" data-end=\"983\"><strong data-start=\"701\" data-end=\"729\">Propri\u00e9t\u00e9 intellectuelle<\/strong><\/h4><p class=\"\" data-start=\"701\" data-end=\"983\">Le contenu du site ssplus.fr est prot\u00e9g\u00e9 par les lois en vigueur sur la propri\u00e9t\u00e9 intellectuelle. Toute reproduction, totale ou partielle, du contenu (textes, images, logos, etc.) est strictement interdite sans autorisation \u00e9crite pr\u00e9alable de SSPLUS.<\/p><h4 data-start=\"985\" data-end=\"1368\"><strong data-start=\"985\" data-end=\"1009\">Collecte des donn\u00e9es<\/strong><\/h4><p class=\"\" data-start=\"985\" data-end=\"1368\">SSPLUS collecte des donn\u00e9es via EmailJS afin de traiter les demandes d\u2019information, les commandes ou les inscriptions \u00e0 des services.<br data-start=\"1145\" data-end=\"1148\" \/>Des cookies peuvent \u00eatre utilis\u00e9s pour am\u00e9liorer l\u2019exp\u00e9rience utilisateur, mesurer l\u2019audience ou proposer des contenus personnalis\u00e9s.<br data-start=\"1281\" data-end=\"1284\" \/>Une politique de confidentialit\u00e9 compl\u00e8te sera prochainement disponible sur le site.<\/p>\t\t\t\t\t\t\t\t<\/div>\n\t\t\t\t<\/div>\n\t\t\t\t\t<\/div>\n\t\t\t\t<\/div>\n\t\t\t\t<\/div>\n\t\t","protected":false},"excerpt":{"rendered":"<p>\u00c9diteur du site SSPLUS \u2013 Vente de mat\u00e9riel de s\u00e9curit\u00e9 Ajax (alarmes, cam\u00e9ras, syst\u00e8mes anti-incendie) Responsable l\u00e9gal : LAMBERT Julien Adresse : 36 rue Monseigneur de Langavant 97490 ST DENIS Email : ssplus.fr@gmail.com T\u00e9l\u00e9phone : 06 03 22 70 70 Site : https:\/\/ssplus.fr H\u00e9bergement du site OVH SAS2 rue Kellermann \u2013 59100 Roubaix \u2013 FranceT\u00e9l\u00e9phone [&hellip;]<\/p>\n","protected":false},"author":1,"featured_media":0,"parent":0,"menu_order":0,"comment_status":"closed","ping_status":"closed","template":"","meta":{"footnotes":""},"class_list":["post-1663","page","type-page","status-publish","hentry"],"blocksy_meta":[],"_links":{"self":[{"href":"https:\/\/produits.ssplus.fr\/index.php\/wp-json\/wp\/v2\/pages\/1663","targetHints":{"allow":["GET"]}}],"collection":[{"href":"https:\/\/produits.ssplus.fr\/index.php\/wp-json\/wp\/v2\/pages"}],"about":[{"href":"https:\/\/produits.ssplus.fr\/index.php\/wp-json\/wp\/v2\/types\/page"}],"author":[{"embeddable":true,"href":"https:\/\/produits.ssplus.fr\/index.php\/wp-json\/wp\/v2\/users\/1"}],"replies":[{"embeddable":true,"href":"https:\/\/produits.ssplus.fr\/index.php\/wp-json\/wp\/v2\/comments?post=1663"}],"version-history":[{"count":8,"href":"https:\/\/produits.ssplus.fr\/index.php\/wp-json\/wp\/v2\/pages\/1663\/revisions"}],"predecessor-version":[{"id":1721,"href":"https:\/\/produits.ssplus.fr\/index.php\/wp-json\/wp\/v2\/pages\/1663\/revisions\/1721"}],"wp:attachment":[{"href":"https:\/\/produits.ssplus.fr\/index.php\/wp-json\/wp\/v2\/media?parent=1663"}],"curies":[{"name":"wp","href":"https:\/\/api.w.org\/{rel}","templated":true}]}}