{"id":1573,"date":"2025-03-31T14:30:48","date_gmt":"2025-03-31T12:30:48","guid":{"rendered":"http:\/\/produits.ssplus.fr\/?post_type=product&#038;p=1573"},"modified":"2025-05-07T12:26:35","modified_gmt":"2025-05-07T10:26:35","slug":"ajax-nvr","status":"publish","type":"product","link":"https:\/\/produits.ssplus.fr\/index.php\/produit\/ajax-nvr\/","title":{"rendered":"Ajax NVR"},"content":{"rendered":"<h2 class=\"\" data-start=\"168\" data-end=\"185\"><strong data-start=\"171\" data-end=\"183\">Ajax NVR<\/strong><\/h2>\n<h3 class=\"\" data-start=\"186\" data-end=\"285\"><strong data-start=\"190\" data-end=\"285\">Enregistreur vid\u00e9o r\u00e9seau puissant et intelligent, con\u00e7u pour une s\u00e9curit\u00e9 professionnelle.<\/strong><\/h3>\n<p class=\"\" data-start=\"287\" data-end=\"649\">L&#8217;Ajax NVR (Network Video Recorder) permet une int\u00e9gration parfaite entre vid\u00e9osurveillance et protection anti-intrusion. Gr\u00e2ce \u00e0 sa compatibilit\u00e9 \u00e9tendue avec les cam\u00e9ras IP (Ajax ou tierces via ONVIF\/RTSP), il garantit un acc\u00e8s instantan\u00e9 aux archives vid\u00e9o haute d\u00e9finition, avec une fluidit\u00e9 exceptionnelle gr\u00e2ce \u00e0 la technologie de streaming <strong data-start=\"634\" data-end=\"648\">JetSparrow<\/strong>.<\/p>\n<p class=\"\" data-start=\"651\" data-end=\"970\">Con\u00e7u pour les syst\u00e8mes professionnels, le NVR prend en charge jusqu\u2019\u00e0 <strong data-start=\"722\" data-end=\"735\">16 canaux<\/strong> et <strong data-start=\"739\" data-end=\"748\">16 To<\/strong> de stockage local. Il est \u00e9quip\u00e9 d\u2019une d\u00e9tection de mouvement int\u00e9gr\u00e9e, d\u2019un <strong data-start=\"826\" data-end=\"855\">mur vid\u00e9o personnalisable<\/strong>, et permet la <strong data-start=\"870\" data-end=\"938\">synchronisation intelligente avec les \u00e9v\u00e9nements du syst\u00e8me Ajax<\/strong> pour une lev\u00e9e de doute rapide.<\/p>\n<hr class=\"\" data-start=\"972\" data-end=\"975\" \/>\n<h3 class=\"\" data-start=\"977\" data-end=\"1015\">\u2705 <strong data-start=\"983\" data-end=\"1015\">Caract\u00e9ristiques principales<\/strong><\/h3>\n<ul data-start=\"1016\" data-end=\"1610\">\n<li class=\"\" data-start=\"1016\" data-end=\"1082\">\n<p class=\"\" data-start=\"1018\" data-end=\"1082\">Compatible avec les cam\u00e9ras Ajax et cam\u00e9ras tierces (ONVIF\/RTSP)<\/p>\n<\/li>\n<li class=\"\" data-start=\"1083\" data-end=\"1140\">\n<p class=\"\" data-start=\"1085\" data-end=\"1140\">Versions : 8 ou 16 canaux, avec ou sans alimentation DC<\/p>\n<\/li>\n<li class=\"\" data-start=\"1141\" data-end=\"1197\">\n<p class=\"\" data-start=\"1143\" data-end=\"1197\">Stockage local : jusqu\u2019\u00e0 <strong data-start=\"1168\" data-end=\"1177\">16 To<\/strong> via disque dur SATA<\/p>\n<\/li>\n<li class=\"\" data-start=\"1198\" data-end=\"1262\">\n<p class=\"\" data-start=\"1200\" data-end=\"1262\"><strong data-start=\"1200\" data-end=\"1221\">Double flux vid\u00e9o<\/strong> pour navigation rapide dans les archives<\/p>\n<\/li>\n<li class=\"\" data-start=\"1263\" data-end=\"1297\">\n<p class=\"\" data-start=\"1265\" data-end=\"1297\">Lev\u00e9e de doute instantan\u00e9e en HD<\/p>\n<\/li>\n<li class=\"\" data-start=\"1298\" data-end=\"1347\">\n<p class=\"\" data-start=\"1300\" data-end=\"1347\">D\u00e9tection de mouvement configurables par cam\u00e9ra<\/p>\n<\/li>\n<li class=\"\" data-start=\"1348\" data-end=\"1418\">\n<p class=\"\" data-start=\"1350\" data-end=\"1418\">S\u00e9curit\u00e9 renforc\u00e9e : 2FA, contr\u00f4le de session, connexion biom\u00e9trique<\/p>\n<\/li>\n<li class=\"\" data-start=\"1419\" data-end=\"1473\">\n<p class=\"\" data-start=\"1421\" data-end=\"1473\">Export vid\u00e9o avec <strong data-start=\"1439\" data-end=\"1473\">signature num\u00e9rique v\u00e9rifiable<\/strong><\/p>\n<\/li>\n<li class=\"\" data-start=\"1474\" data-end=\"1550\">\n<p class=\"\" data-start=\"1476\" data-end=\"1550\">Bo\u00eetier robuste, design sans ventilateur, LED d\u2019\u00e9tat, bouton anti-sabotage<\/p>\n<\/li>\n<li class=\"\" data-start=\"1551\" data-end=\"1610\">\n<p class=\"\" data-start=\"1553\" data-end=\"1610\">Configuration simple via <strong data-start=\"1578\" data-end=\"1589\">QR code<\/strong> et applications Ajax<\/p>\n<\/li>\n<\/ul>\n<hr class=\"\" data-start=\"1612\" data-end=\"1615\" \/>\n<h3 class=\"\" data-start=\"1617\" data-end=\"1654\">\ud83d\udd10 <strong data-start=\"1624\" data-end=\"1654\">S\u00e9curit\u00e9 &amp; Confidentialit\u00e9<\/strong><\/h3>\n<ul data-start=\"1655\" data-end=\"1808\">\n<li class=\"\" data-start=\"1655\" data-end=\"1686\">\n<p class=\"\" data-start=\"1657\" data-end=\"1686\">Conforme <strong data-start=\"1666\" data-end=\"1674\">NDAA<\/strong> et <strong data-start=\"1678\" data-end=\"1686\">RGPD<\/strong><\/p>\n<\/li>\n<li class=\"\" data-start=\"1687\" data-end=\"1716\">\n<p class=\"\" data-start=\"1689\" data-end=\"1716\">Stockage s\u00e9curis\u00e9 dans l\u2019UE<\/p>\n<\/li>\n<li class=\"\" data-start=\"1717\" data-end=\"1762\">\n<p class=\"\" data-start=\"1719\" data-end=\"1762\">Transmission <strong data-start=\"1732\" data-end=\"1748\">peer-to-peer<\/strong> crypt\u00e9e (TLS)<\/p>\n<\/li>\n<li class=\"\" data-start=\"1763\" data-end=\"1808\">\n<p class=\"\" data-start=\"1765\" data-end=\"1808\">Authentification sans mot de passe via mTLS<\/p>\n<\/li>\n<\/ul>\n<hr class=\"\" data-start=\"1810\" data-end=\"1813\" \/>\n<h3 class=\"\" data-start=\"1815\" data-end=\"1854\">\ud83d\udcf1 <strong data-start=\"1822\" data-end=\"1854\">Utilisation simple et fluide<\/strong><\/h3>\n<ul data-start=\"1855\" data-end=\"2032\">\n<li class=\"\" data-start=\"1855\" data-end=\"1917\">\n<p class=\"\" data-start=\"1857\" data-end=\"1917\">Supervision \u00e0 distance via application mobile ou PRO Desktop<\/p>\n<\/li>\n<li class=\"\" data-start=\"1918\" data-end=\"1967\">\n<p class=\"\" data-start=\"1920\" data-end=\"1967\">Recherche par mouvement, calendrier ou sc\u00e9nario<\/p>\n<\/li>\n<li class=\"\" data-start=\"1968\" data-end=\"2032\">\n<p class=\"\" data-start=\"1970\" data-end=\"2032\">Notification instantan\u00e9e en cas de panne ou \u00e9v\u00e9nement critique<\/p>\n<\/li>\n<\/ul>\n<hr class=\"\" data-start=\"2034\" data-end=\"2037\" \/>\n<p class=\"\" data-start=\"2039\" data-end=\"2216\">L\u2019Ajax NVR est la solution parfaite pour centraliser, s\u00e9curiser et superviser efficacement toutes vos vid\u00e9osurveillance IP \u2014 dans un seul syst\u00e8me intelligent, fiable et \u00e9l\u00e9gant.<\/p>\n","protected":false},"excerpt":{"rendered":"<p>\ud83c\udfa5 <strong data-start=\"98\" data-end=\"110\">Ajax NVR<\/strong> \u2013 Le cerveau de votre vid\u00e9osurveillance.<br data-start=\"151\" data-end=\"154\" \/>Enregistre jusqu\u2019\u00e0 16 cam\u00e9ras en HD, accessible instantan\u00e9ment via l\u2019appli Ajax. Compatible ONVIF, stockage jusqu\u2019\u00e0 16 To, d\u00e9tection de mouvement intelligente, cryptage avanc\u00e9, installation ultra-simple.<br data-start=\"357\" data-end=\"360\" \/><strong data-start=\"360\" data-end=\"398\" data-is-only-node=\"\">Contr\u00f4le total, s\u00e9curit\u00e9 maximale.<\/strong><\/p>\n","protected":false},"featured_media":1574,"comment_status":"open","ping_status":"closed","template":"","meta":[],"product_brand":[],"product_cat":[28],"product_tag":[],"class_list":{"0":"post-1573","1":"product","2":"type-product","3":"status-publish","4":"has-post-thumbnail","6":"product_cat-cameras-de-videosurveillance","8":"first","9":"outofstock","10":"shipping-taxable","11":"purchasable","12":"product-type-variable"},"_links":{"self":[{"href":"https:\/\/produits.ssplus.fr\/index.php\/wp-json\/wp\/v2\/product\/1573","targetHints":{"allow":["GET"]}}],"collection":[{"href":"https:\/\/produits.ssplus.fr\/index.php\/wp-json\/wp\/v2\/product"}],"about":[{"href":"https:\/\/produits.ssplus.fr\/index.php\/wp-json\/wp\/v2\/types\/product"}],"replies":[{"embeddable":true,"href":"https:\/\/produits.ssplus.fr\/index.php\/wp-json\/wp\/v2\/comments?post=1573"}],"wp:featuredmedia":[{"embeddable":true,"href":"https:\/\/produits.ssplus.fr\/index.php\/wp-json\/wp\/v2\/media\/1574"}],"wp:attachment":[{"href":"https:\/\/produits.ssplus.fr\/index.php\/wp-json\/wp\/v2\/media?parent=1573"}],"wp:term":[{"taxonomy":"product_brand","embeddable":true,"href":"https:\/\/produits.ssplus.fr\/index.php\/wp-json\/wp\/v2\/product_brand?post=1573"},{"taxonomy":"product_cat","embeddable":true,"href":"https:\/\/produits.ssplus.fr\/index.php\/wp-json\/wp\/v2\/product_cat?post=1573"},{"taxonomy":"product_tag","embeddable":true,"href":"https:\/\/produits.ssplus.fr\/index.php\/wp-json\/wp\/v2\/product_tag?post=1573"}],"curies":[{"name":"wp","href":"https:\/\/api.w.org\/{rel}","templated":true}]}}